13. What are the prime factors of w?
2, 3
List the prime factors of 2*(-104)/(-1 - 3).
2, 13
Let k(d) = 2*d + 21. List the prime factors of k(-9).
3
What are the prime factors of (-162)/(-8) + 6/8?
3, 7
List the prime factors of (-503)/(-4) - -6 - (-1)/4.
2, 3, 11
Suppose -7 = y - 9. Suppose -6 = -3*q, -q + 4*q - 2 = -y*x. List the prime factors of 4 + x + (12 - -2).
2
Let i be 6/(-27) + 40/18. Suppose 0 = -2*y + y + i. What are the prime factors of y/1 + 5/1?
7
Suppose 3*l = 3*x + 78, -l + 0*x = -2*x - 30. List the prime factors of l.
2, 11
Suppose -4*v - 3*q + 221 = 0, 4*v - 2*q - 226 + 20 = 0. What are the prime factors of v?
53
Let l = -29 - -20. Let s(g) = -6*g - 22. List the prime factors of s(l).
2
Suppose 0 = -h - 2*g + 4*g + 15, -5*h + 36 = 3*g. Let b be h/12 + (-294)/8. List the prime factors of (-208)/b + 2/9.
2, 3
Let a = 29 + -16. List the prime factors of -1 - (1 - a/1).
11
Let d(h) = h**3 - 7*h**2 + 21*h - 3. List the prime factors of d(5).
2, 13
Let w = -21 + 35. List the prime factors of w.
2, 7
Let m(h) = -3*h**3 + 5*h + 4. List the prime factors of m(-3).
2, 5, 7
Let f(z) = -2*z + 21. Let x be f(11). List the prime factors of (8/24)/(x/(-78)).
2, 13
Let o(w) = -w**2 - 7*w. Let j be o(-7). Suppose j = 4*k - k - 9. Suppose r = -8*x + 3*x + 30, -10 = k*r - 5*x. List the prime factors of r.
5
What are the prime factors of (-353)/(-4) - (-5)/(-4)?
3, 29
Let w(x) = x**3 - 10*x**2 + 8*x + 12. List the prime factors of w(10).
2, 23
Suppose 2*c + 20 = 102. List the prime factors of c.
41
Let q(k) be the third derivative of k**5/60 - k**4/12 - k**3/3 + k**2. Suppose 0 = -5*u + 2*u - 12. What are the prime factors of q(u)?
2, 11
Suppose h - 8 = -h. Suppose -3*b + 18 = 2*w, 0*w + 72 = h*w - 3*b. Suppose -2*z + 2 + 34 = 5*c, -c = z - w. List the prime factors of z.
13
Let l be 14/2 + 0 + -3. What are the prime factors of -12*-1*2/l?
2, 3
Suppose 10 = -2*y - 4. Let h = 0 - y. List the prime factors of h.
7
Suppose -2*c + 38 = -4*d, d = -c + 4*d + 20. What are the prime factors of c?
17
Let y = -26 - -46. List the prime factors of y.
2, 5
What are the prime factors of -4 + 4 + (-2 - -4) + 122?
2, 31
Let p be 35/6 + 1/6. Suppose -66 = 3*d - p*d. List the prime factors of d.
2, 11
Suppose -3*q + q = -12. What are the prime factors of 0 - (-39)/q*2?
13
Suppose 0*o = -3*y + o + 8, 4 = 4*o. Suppose 0 = 2*g + m - 19, -5*g + y*m + 20 = -0*g. What are the prime factors of g?
7
Suppose q + 24 = -3*q. Let w = 14 + q. Let n(u) = 2*u - 10. What are the prime factors of n(w)?
2, 3
Let w(y) = 15*y - 69. List the prime factors of w(20).
3, 7, 11
Let a(o) = 44*o**3. Let g be a(1). List the prime factors of (g/(-12) + 3)*-36.
2, 3
List the prime factors of (-249)/(-2) + (9/(-2) - -4).
2, 31
Let f(g) = 5*g**3 - 3*g**2 + 2*g. List the prime factors of f(1).
2
Let b(x) = 67*x**2 - 2*x + 3. What are the prime factors of b(1)?
2, 17
Let i(l) = l**3 - 4*l**2 - 4*l + 7. List the prime factors of i(5).
2, 3
Let c(k) = 7*k**2 + 8*k - 2. What are the prime factors of c(6)?
2, 149
Let d(f) = f**2 - 5*f + 2. Let z(r) = r**2 - 5*r + 1. Let h(l) = 4*d(l) - 5*z(l). Let n be h(7). Let b = 1 - n. List the prime factors of b.
2, 3
Let s(h) = 2*h - 5. Let u be s(6). Let l = -5 + u. List the prime factors of l.
2
Suppose 3*g + 4*z - 159 = 0, 2*g + 2 = 4*z + 88. What are the prime factors of g?
7
Let i(p) = p + 3. Let a be 5*2 - (-5 - -4). List the prime factors of i(a).
2, 7
Let j be (3 + (-34)/8)*-8. Let h = j + 2. List the prime factors of h.
2, 3
Let c(t) = -t**3 + 5*t**2 - 2*t - 3. Let p(r) = -2*r - 7. Let a be p(-5). What are the prime factors of c(a)?
3
Let z = 4 - 0. What are the prime factors of (2 - -9)/(2/z)?
2, 11
Let w(p) = -p**3 - 5*p**2 + 4*p + 3. Let l be w(-6). List the prime factors of (-186)/(-15) + (-6)/l.
2, 3
Suppose -24 = 2*k - 5*k. List the prime factors of k.
2
Let a = -3 + 6. Suppose a*t = -2*m + 20, -t = -m - 4 - 1. Let i(z) = -z + 8. List the prime factors of i(t).
2
Let q(p) = -2*p**3 - 3*p + 4. What are the prime factors of q(-3)?
67
Let r(g) = -5*g**2 - 5*g + 2*g + 8 - 3*g + g**3. Suppose 0 = 4*k - 4*o - 20, -2*o = -k + 2*o + 2. What are the prime factors of r(k)?
2
Let p = -1 - -1. Suppose -5*d + 13 + 17 = 5*f, -3*d - 4*f + 15 = p. What are the prime factors of d?
3
Suppose -3*o + 97 + 428 = 0. What are the prime factors of o?
5, 7
Suppose 1799 = 6*b + 473. What are the prime factors of b?
13, 17
Let x be (-23 - (-6)/2) + 1. Let i = x + 29. List the prime factors of i.
2, 5
Let p(z) be the first derivative of -5*z**4/24 - z**3/3 + z**2 - 3. Let f(n) be the second derivative of p(n). What are the prime factors of f(-5)?
23
Let v = 83 + 126. List the prime factors of v.
11, 19
Suppose -n - 8 = 5*g, 3*n - 2*g = 1 + 9. Let b(a) = 3 + 3 + a**3 + 6*a**2 + n. What are the prime factors of b(-6)?
2
Suppose -3*x = -8 - 82. What are the prime factors of x?
2, 3, 5
Let h(k) = -3*k**3 - 4*k**2 - k - 3. Let u be h(-3). Let d = -5 - -5. Suppose 5*b - u = -d*b. What are the prime factors of b?
3
Let s(b) = b - 8. Suppose -3*k + 8*k = 25. Suppose -5 = -3*c + 2*o + 38, -c + k*o = -36. What are the prime factors of s(c)?
3
Let x(i) be the first derivative of i**4/4 - 3*i**3 - 5*i**2 + 7*i - 3. Let m be x(10). Suppose 3*t + 1 - m = 0. List the prime factors of t.
2
Suppose 5*s - 1064 = -2*i + 4*i, -4*s - 4*i = -868. List the prime factors of s.
2, 107
Suppose q - 2*q = -2. What are the prime factors of q?
2
Suppose 5*w = z + 18, -4*w + 7 + 13 = 2*z. Let a be 9 - 1/(z/(-4)). Let n = 23 - a. List the prime factors of n.
2, 3
Suppose 0 = 4*a + 3*w + 50, 0*a + 2*w = -3*a - 37. Let u = a + 19. What are the prime factors of u?
2
Let k be 1*4/2 + 0. Suppose 4*c + 100 = k*m, 9*c = m + 4*c - 50. Suppose -3*v + m - 14 = 0. List the prime factors of v.
2, 3
What are the prime factors of (-3)/(-6)*(23 + -5)?
3
Let q(i) = 16*i**3 + 46*i**2 - 56*i - 1. Let l(z) = -3*z**3 - 9*z**2 + 11*z. Let w(o) = -11*l(o) - 2*q(o). What are the prime factors of w(-8)?
2, 5
Let f be 34 + 1 + (-1 - -3). Suppose -3*y + f = -8. What are the prime factors of y?
3, 5
Suppose 4 + 2 = p. Let m(h) = h**3 - 5*h**2 - 5*h - 4. What are the prime factors of m(p)?
2
Suppose 3*m - 111 = -4*f, 3*f - 99 + 13 = -5*m. Suppose 3*u + f = 3*c, -4*c = -7*u + 2*u - 36. What are the prime factors of c?
3
Let i be ((-1)/2)/((-4)/32). Suppose -i*g + 52 = 12. List the prime factors of g/6*(-1 + 4).
5
Let f = -46 + 130. Let t = f + -48. What are the prime factors of t?
2, 3
Suppose 5*h = 2*j - 116, 0*j - 252 = -4*j + 5*h. Let g be 1 + 0 - 2*-1. Suppose -g*b + j = b. What are the prime factors of b?
17
What are the prime factors of (-1)/((2 - 1)/(-78))?
2, 3, 13
Let w(n) = n**3 + 4*n**2 - 5*n + 2. Let f be w(-5). Suppose -f*t + t = -22. List the prime factors of t.
2, 11
Let o(i) = i**3 + 3*i**2 - i + 1. Let c be o(-2). Suppose 4*t - c = -3*g, -2*t + 14 = 3*g - 3. Suppose -g = -2*q + 9. What are the prime factors of q?
3
Let x(n) = -n**3 + 8*n**2 - 6*n - 4. Let u be x(7). Let m = 3 + u. List the prime factors of m.
2, 3
Suppose -5*p = 247 - 1272. What are the prime factors of p?
5, 41
What are the prime factors of 6*(7 - (-2)/(-1))?
2, 3, 5
Suppose -g + 18 = 2*i + 3*g, 60 = 5*i - 5*g. What are the prime factors of i?
11
Let n(q) be the first derivative of q**3/3 - q**2 - q + 1. Let c be 5 + -1 + -2 + 2. What are the prime factors of n(c)?
7
Let k = 67 + -25. List the prime factors of k.
2, 3, 7
Let w(v) = -2*v + 13. Let q be w(-10). Let t be (4/(-6))/((-2)/q). Let u(o) = o**3 - 10*o**2 - 10*o + 2. What are the prime factors of u(t)?
13
Let k be (-186)/(-4)*(6 - 2). Suppose -5*f - 26 + k = 0. What are the prime factors of f?
2
Suppose -j + 12 = 2*j. Let g = -4 + j. Suppose 4*n + 3*c - 43 = g, 5*n + 9*c = 4*c + 60. What are the prime factors of n?
7
Suppose -7 = -4*m + 1. Let z(o) = 1 - 2 + 0 + 3*o. What are the prime factors of z(m)?
5
Let a = -129 + 328. List the prime factors of a.
199
Let b(t) = 8*t**2 - 10*t - 3. List the prime factors of b(-3).
3, 11
Let v = 76 - 69. List the prime factors of v.
7
List the prime factors of (2 + 18/(-4))*-2.
5
List the prime factors of ((-136)/(-10))/(25/750).
2, 3, 17
Let s be 2/(8/12) + 2. Suppose -110 = s*q - 10*q. List the prime factors of q.
2, 11
Let f be (3/6 + 0)*-20. Let 